mainder when 11 is divided by s/10 - (-28)/5.
5
Suppose 10*i - 7*i - 57 = 0. What is the remainder when i is divided by 5?
4
Suppose -6 - 2 = -4*m. Let w(r) = r**3 - 5*r**2 + r + 4. Let g be w(5). Let a = g + -5. Calculate the remainder when a is divided by m.
0
Suppose v + 34 = 3*p + 3*v, 5*p = 5*v + 40. Suppose -11 - 1 = -2*w. What is the remainder when p is divided by w?
4
Let f(q) = 7*q**2 - 4*q - 2. What is the remainder when 105 is divided by f(2)?
15
Let x(r) be the first derivative of -r**3/3 - 3*r**2/2 + 2*r - 1. What is the remainder when x(-2) is divided by 3?
1
Let b(d) = -11*d - 13. Let a be b(-4). Let i = a - 15. Calculate the remainder when 47 is divided by i.
15
Suppose 0 = 5*k - 19 - 81. Let z = k + 11. Let i = 34 - 23. Calculate the remainder when z is divided by i.
9
What is the remainder when 46*((-15)/(-45))/((-2)/(-3)) is divided by 8?
7
Let j(p) = 4*p**3 + p**2 + 2*p - 3. What is the remainder when 1 - (-3)/(3/14) is divided by j(1)?
3
Let i(j) = j**3 - 7*j**2 + j - 1. Let l = 122 + -120. What is the remainder when i(7) is divided by l?
0
Suppose 1 = 2*h - 41. Let b = h - 15. Let r(j) = -2*j**3 - 2*j. What is the remainder when b is divided by r(-1)?
2
Let c be 24/(-8) - (-8)/1. What is the remainder when 5 is divided by (-40)/(-16)*6/c?
2
Let o = 45 + -19. What is the remainder when o is divided by 7?
5
Let u(x) = -9*x - 4. What is the remainder when u(-3) is divided by 13?
10
Suppose 4*j = -2*j + 354. Suppose 5*b + 25 = 125. Calculate the remainder when j is divided by b.
19
What is the remainder when 27 is divided by (4 + 3/(-1))/((-3)/(-54))?
9
Let j(y) = y**2 + 3*y + 3. Let d be j(-3). Suppose 3*f = 2*t + 63, -d*f + t + 4*t + 72 = 0. What is the remainder when f is divided by 7?
5
Let x be (-6 - -1)*(-2 - 2). Suppose s - x = -4*s. What is the remainder when s is divided by 3?
1
Suppose 2*m + 9 = 41. Suppose -2*k = -4*i - 5 - 23, -3*i - 42 = -5*k. What is the remainder when m is divided by k?
4
Let c(b) = b**2 + 4. Suppose -17 = -4*s - 3*d, -5*d + 4*d = 4*s - 19. What is the remainder when c(s) is divided by 10?
9
Let x(a) = -3*a - 29. What is the remainder when 6 is divided by x(-11)?
2
Suppose 6 = 4*u + y - 22, -3*u - 5*y = -38. Let m(z) = z**2 - 6*z - 2. Let a be m(u). What is the remainder when -1 - -37 - a/1 is divided by 13?
12
Suppose -5*n + 7 = -3. Suppose 1 - 5 = -n*t. Suppose -33 = -t*u - u. What is the remainder when 41 is divided by u?
8
Suppose 2*y = d + 17, 4*y - 4*d = -d + 39. Suppose 0 = 2*c - y*c + 840. Suppose c = 5*r + 65. What is the remainder when r is divided by 8?
5
Let k(u) = -u**3 + 9*u**2 - 7*u - 6. Let q = 46 + -23. What is the remainder when k(7) is divided by q?
20
Let z(y) = -2*y - 11. Let s(r) = -12*r - 5 + 5 + 1. What is the remainder when s(-2) is divided by z(-10)?
7
Let c(j) = j**2 + 6*j - 7. Let n be c(-9). Let o = n - 3. Calculate the remainder when 67 is divided by o.
16
Suppose 2*j + j - 165 = 0. Suppose 5*d - 4*u = j, -2*u - 2 = d + 1. Suppose -d*i + 2*i = -70. What is the remainder when 41 is divided by i?
13
Let s(y) = -4*y - 4. Let c = -14 - -21. Suppose -c*d + 94 = -5*d. Calculate the remainder when d is divided by s(-5).
15
Let v = -12 - -12. Suppose 4*q + 20 = v, 3*b - 4*b - 5*q - 16 = 0. What is the remainder when 34/8*(4 - 0) is divided by b?
8
Let v = 65 - -16. What is the remainder when v*(22/(-6) + 4) is divided by 7?
6
Let z = 5 - -4. Suppose 5*k - 2*k = 48. What is the remainder when k is divided by z?
7
Suppose 3*c - 29 = 4. Suppose -63 = 7*i - 10*i. Calculate the remainder when i is divided by c.
10
Suppose -4*j + 44 = -3*j. Let l(c) = 3*c - 3*c + 3*c. What is the remainder when j is divided by l(5)?
14
Let r = 124 - 77. Suppose o - 5*o = 5*k - 54, 3*k = -2*o + 26. Calculate the remainder when r is divided by o.
15
Calculate the remainder when 87 is divided by (11/3)/(1/6).
21
Calculate the remainder when 85 is divided by 24 - (-3)/(-9)*6.
19
Suppose 2*n - 5 = 1. Suppose -y = -n*y. Suppose y = 5*w - w - 20. What is the remainder when 13 is divided by w?
3
Let s(l) = -l - 3. Let h be s(0). Let z be h/6*-2 + 4. Suppose -5*m - 21 = -y, 4*y - m = -z*m + 12. Calculate the remainder when 16 is divided by y.
4
Let s = 1 + 16. Suppose 2*c = 4*u + 12 - 72, c = u - s. Suppose 3*l - 10 - 19 = -2*f, -4*l = -5*f + 15. Calculate the remainder when u is divided by f.
6
Let d(j) = -2*j. Let g be d(-2). Suppose g*s - 3*i - 16 = -i, 3*s + i - 2 = 0. Suppose s*v = -v + 45. What is the remainder when 57 is divided by v?
12
Suppose -4*s = -2*s - 160. Let r = s - 48. What is the remainder when r is divided by 11?
10
Let b = 126 + -65. Suppose 3*z = b + 77. What is the remainder when z is divided by 16?
14
Suppose -j - 19 = -2*j. Let o = -13 - -20. Calculate the remainder when j is divided by o.
5
Suppose -2*t + 9 + 1 = 0. Calculate the remainder when 28/3 + t/(-15) is divided by 5.
4
Suppose g = 6*g + n - 21, 0 = -4*g + 2*n + 14. Suppose -56 = -g*w - 0. What is the remainder when 41 is divided by w?
13
What is the remainder when 11 - (-4)/(-12)*-3 is divided by 8?
4
Let u(f) = -f**3 - 8*f**2 - 8. Let t be u(-8). Suppose k = -18 - 8. Let a = t - k. What is the remainder when 34 is divided by a?
16
Let p(w) = 5 - 4 - 3*w**2 + 3*w - 3*w**2 + 2*w**3 + 2. Calculate the remainder when p(4) is divided by 10.
7
Let s = 13 - 1. Suppose -30*c + 442 = -17*c. What is the remainder when c is divided by s?
10
Let u(d) = 2*d - 4. Let c be u(4). What is the remainder when 35/c + 1/4 is divided by 5?
4
Suppose -3*z = h - 0*h - 26, h = 3*z - 4. What is the remainder when 87 is divided by h?
10
Calculate the remainder when (-2)/8 - (-42)/8 is divided by 3.
2
Let h(s) = 3*s**2 - 4*s + 5. Let z be h(3). Let t = z + -5. Let b(f) = f**3 - f + 28. What is the remainder when b(0) is divided by t?
13
Suppose 4 = 2*i + 12. Suppose -7 + 2 = -k. What is the remainder when k is divided by (-3)/(i/((-24)/(-9)))?
1
Let l = 205 + -146. Let w(v) = -v**2 + 10*v - 4. What is the remainder when l is divided by w(6)?
19
Let t(x) = x**3 - 4*x**2 - 10*x + 9. Calculate the remainder when 39 is divided by t(6).
18
Suppose -5*v = 2*v - 105. Calculate the remainder when 41 is divided by v.
11
Let i(x) = x**2 - 21*x - 61. What is the remainder when 233 is divided by i(25)?
38
Let f = 79 + -63. Let l be 3*9 + (-2)/1. Suppose -2*x = t - 2 + 1, 5*t = -5*x + l. Calculate the remainder when f is divided by t.
7
Let p = 37 - 14. What is the remainder when p is divided by 12?
11
Let q(t) be the first derivative of -t**4/4 + 7*t**3/3 - 3*t**2/2 - 5*t - 1. Calculate the remainder when q(6) is divided by (-2)/3 - (-69)/9.
6
Suppose 51 - 327 = -4*a. Let g = 0 + 2. Suppose 0 = -g*t + 31 + 5. Calculate the remainder when a is divided by t.
15
Suppose -14 = 4*f + 2*d, 0*f - 1 = -f + 4*d. Suppose 60 = 4*k + k. What is the remainder when 36 - (-1 - f)/2 is divided by k?
11
Let k = -24 - -24. Suppose -2*f = -3*h - k*f + 35, f = 5. What is the remainder when 39 is divided by h?
9
Let k = 247 + -145. Let t = 60 - 34. Calculate the remainder when k is divided by t.
24
What is the remainder when 381/12 + 9/36 is divided by 21?
11
Let m(a) = -3*a + 10. What is the remainder when 0 - -63 - (1 - 3) is divided by m(-4)?
21
Suppose 4*h = m - 5 + 1, -h - m - 6 = 0. Let x = 31 - h. Calculate the remainder when x is divided by 17.
16
Suppose 4*a + 12 = 40. Let x(g) = g - 6. Let f be x(a). Let j = f + 2. What is the remainder when 4 is divided by j?
1
Suppose 11 = 3*b - 2*b - 4*v, 67 = 3*b + 5*v. What is the remainder when b is divided by 11?
8
Suppose 126 = -2*p + s - 0*s, -s = 0. Let l = p - -116. Calculate the remainder when l is divided by 14.
11
Let f = -4 - -3. Calculate the remainder when 11 is divided by 2/(-6)*(f - 8).
2
Let m(w) be the second derivative of -w**4/12 + 3*w**3 - 10*w**2 + 4*w. Calculate the remainder when 45 is divided by m(16).
9
Suppose -4*w = -30 - 18. Suppose -7 = -x + w. Let c(g) = g**3 - 16*g**2 - 19*g + 88. What is the remainder when c(17) is divided by x?
16
Suppose 2*l + 1 = 4*c - 47, 0 = -3*c + 6. Suppose -d = 4 + 29. Let q = l - d. What is the remainder when q is divided by 5?
3
Suppose 4 = -5*t + 139. Calculate the remainder when 131 is divided by t.
23
Suppose -3*l + 113 = -13. Calculate the remainder when 208 is div